 is divided by 838?
27
What is the remainder when 22147 is divided by 98?
97
Calculate the remainder when 1918 is divided by 30.
28
Calculate the remainder when 7639 is divided by 2503.
130
Calculate the remainder when 224210 is divided by 37354.
86
What is the remainder when 50910 is divided by 1181?
127
Calculate the remainder when 33827 is divided by 505.
497
Calculate the remainder when 284 is divided by 272.
12
Calculate the remainder when 1196320 is divided by 241.
237
What is the remainder when 15109 is divided by 5031?
16
What is the remainder when 2428 is divided by 565?
168
What is the remainder when 153915 is divided by 1184?
1179
What is the remainder when 57968 is divided by 11590?
18
What is the remainder when 5393 is divided by 673?
9
What is the remainder when 1035999 is divided by 242?
239
Calculate the remainder when 677 is divided by 179.
140
Calculate the remainder when 6116 is divided by 162.
122
Calculate the remainder when 3987 is divided by 1313.
48
What is the remainder when 57291 is divided by 1061?
1058
What is the remainder when 1013035 is divided by 11918?
5
Calculate the remainder when 16906 is divided by 56.
50
Calculate the remainder when 55745 is divided by 308.
305
What is the remainder when 10196 is divided by 227?
208
What is the remainder when 1528 is divided by 360?
88
Calculate the remainder when 331085 is divided by 13.
1
Calculate the remainder when 10078 is divided by 246.
238
What is the remainder when 26286 is divided by 8756?
18
What is the remainder when 34424 is divided by 52?
0
Calculate the remainder when 23321 is divided by 2304.
281
What is the remainder when 98787 is divided by 19750?
37
Calculate the remainder when 4951 is divided by 1613.
112
Calculate the remainder when 297523 is divided by 1635.
1588
What is the remainder when 19247 is divided by 4808?
15
Calculate the remainder when 7074 is divided by 1764.
18
What is the remainder when 240256 is divided by 80079?
19
What is the remainder when 7751 is divided by 3316?
1119
What is the remainder when 305380 is divided by 231?
229
What is the remainder when 14646 is divided by 776?
678
What is the remainder when 19963 is divided by 1663?
7
Calculate the remainder when 6444 is divided by 11.
9
What is the remainder when 38364 is divided by 19166?
32
What is the remainder when 24446 is divided by 25?
21
Calculate the remainder when 1750 is divided by 591.
568
Calculate the remainder when 1198398 is divided by 181.
178
Calculate the remainder when 24404 is divided by 4879.
9
Calculate the remainder when 2755642 is divided by 24.
10
Calculate the remainder when 1675 is divided by 741.
193
What is the remainder when 144576 is divided by 1830?
6
What is the remainder when 16565 is divided by 170?
75
Calculate the remainder when 26747 is divided by 125.
122
Calculate the remainder when 11413117 is divided by 2176.
2173
What is the remainder when 14062 is divided by 59?
20
Calculate the remainder when 44904 is divided by 365.
9
Calculate the remainder when 47157 is divided by 410.
7
What is the remainder when 962 is divided by 468?
26
What is the remainder when 6810 is divided by 348?
198
Calculate the remainder when 975149 is divided by 33.
32
What is the remainder when 26708 is divided by 290?
28
Calculate the remainder when 103910 is divided by 34568.
206
Calculate the remainder when 33286 is divided by 33059.
227
Calculate the remainder when 105877 is divided by 6616.
21
What is the remainder when 6990 is divided by 23?
21
What is the remainder when 3781 is divided by 627?
19
What is the remainder when 210811 is divided by 128?
123
Calculate the remainder when 21560 is divided by 10778.
4
What is the remainder when 13384 is divided by 556?
40
What is the remainder when 4022 is divided by 88?
62
Calculate the remainder when 2087247 is divided by 25.
22
What is the remainder when 70149 is divided by 111?
108
Calculate the remainder when 18051 is divided by 409.
55
Calculate the remainder when 101961 is divided by 12744.
9
Calculate the remainder when 1228 is divided by 259.
192
What is the remainder when 876 is divided by 555?
321
Calculate the remainder when 4749 is divided by 1269.
942
What is the remainder when 25353 is divided by 1950?
3
What is the remainder when 73732 is divided by 419?
407
Calculate the remainder when 5499 is divided by 113.
75
What is the remainder when 360 is divided by 132?
96
What is the remainder when 3739 is divided by 1640?
459
What is the remainder when 17430 is divided by 124?
70
What is the remainder when 1542 is divided by 78?
60
Calculate the remainder when 56392 is divided by 11276.
12
What is the remainder when 87682 is divided by 14598?
94
What is the remainder when 3092 is divided by 50?
42
What is the remainder when 328 is divided by 230?
98
Calculate the remainder when 60716 is divided by 94.
86
What is the remainder when 8821 is divided by 1711?
266
What is the remainder when 384547 is divided by 11?
9
What is the remainder when 5140 is divided by 5135?
5
What is the remainder when 28579 is divided by 7143?
7
What is the remainder when 332812 is divided by 13?
12
What is the remainder when 15084 is divided by 280?
244
Calculate the remainder when 1008715 is divided by 16.
11
Calculate the remainder when 28428 is divided by 16.
12
Calculate the remainder when 17496 is divided by 14.
10
Calculate the remainder when 16345 is divided by 973.
777
What is the remainder when 4742 is divided by 101?
96
What is the remainder when 273992 is divided by 58?
0
Calculate the remainder when 3483 is divided by 386.
9
Calculate the remainder when 3085 is divided by 614.
15
What is the remainder when 170135 is divided by 34?
33
What is the remainder when 1092 is divided by 101?
82
What is the remainder when 466474 is divided by 1329?
1324
What is the remainder when 5368 is divided by 335?
8
Calculate the remainder when 2278 is divided by 842.
594
What is the remainder when 353229 is divided by 132?
129
Calculate the remainder when 505 is divided by 361.
144
What is the remainder when 109371 is divided by 36442?
45
Calculate the remainder when 4699 is divided by 617.
380
Calculate the remainder when 43616 is divided by 2903.
71
What is the remainder when 318800 is divided by 17?
16
Calculate the remainder when 15567 is divided by 200.
167
What is the remainder when 2254 is divided by 2069?
185
What is the remainder when 93337 is divided by 4238?
101
Calculate the remainder when 83992 is divided by 5595.
67
What is the remainder when 170929 is divided by 165?
154
What is the remainder when 64173 is divided by 689?
96
What is the remainder when 156362 is divided by 13?
11
What is the remainder when 66554 is divided by 135?
134
Calculate the remainder when 8095 is divided by 68.
3
What is the remainder when 1815 is divided by 818?
179
What is the remainder when 28660 is divided by 138?
94
What is the remainder when 402876 is divided by 50358?
12
Calculate the remainder when 24868 is divided by 12427.
14
Calculate the remainder when 239585 is divided by 67.
60
What is the remainder when 913834 is divided by 644?
642
What is the remainder when 2984 is divided by 110?
14
Calculate the remainder when 757 is divided by 361.
35
Calculate the remainder when 1043 is divided by 213.
191
What is the remainder when 68927 is divided by 32?
31
What is the remainder when 173773 is divided by 175?
173
What is the remainder when 8712 is divided by 197?
44
What is the remainder when 8061 is divided by 8054?
7
Calculate the remainder when 11685 is divided by 99.
3
What is the remainder when 375344 is divided by 29?
26
What is the remainder when 16633 is divided by 8129?
375
Calculate the remainder when 25973 is divided by 111.
110
Calculate the remainder when 65116 is divided by 6.
4
What is the remainder when 1635 is divided by 256?
99
Calculate the remainder when 1199041 is divided by 1179.
1177
Calculate the remainder when 6218 is divided by 213.
41
Calculate the remainder when 63507 is divided by 174.
171
What is the remainder when 77741 is divided by 38825?
91
Calculate the remainder when 36288 is divided by 56.
0
What is the remainder when 287361 is divided by 261?
0
What is the remainder when 1527 is divided by 779?
748
What is th